{"id":947,"date":"2023-10-28T01:20:13","date_gmt":"2023-10-27T23:20:13","guid":{"rendered":"https:\/\/www.mouvementrepublicain.org\/?page_id=947"},"modified":"2024-04-07T00:34:45","modified_gmt":"2024-04-06T22:34:45","slug":"la-vision-du-mouvement-republicain-mr","status":"publish","type":"page","link":"https:\/\/www.mouvementrepublicain.org\/index.php\/la-vision-du-mouvement-republicain-mr\/","title":{"rendered":"LA VISION DU MOUVEMENT R\u00c9PUBLICAIN (MR)"},"content":{"rendered":"\n<p><\/p>\n\n\n\n<p class=\"has-text-align-center\"><mark style=\"background-color:rgba(0, 0, 0, 0);color:#1cbc00\" class=\"has-inline-color\"><strong>LA VISION DU MOUVEMENT R\u00c9PUBLICAIN (MR)<\/strong> <strong>:<\/strong><\/mark><\/p>\n\n\n\n<p><\/p>\n\n\n\n<div class=\"wp-block-group\"><div class=\"wp-block-group__inner-container is-layout-constrained wp-block-group-is-layout-constrained\"><div class=\"wp-block-image is-style-rounded\">\n<figure class=\"aligncenter size-full is-resized\"><img loading=\"lazy\" decoding=\"async\" width=\"394\" height=\"486\" src=\"https:\/\/www.mouvementrepublicain.org\/wp-content\/uploads\/2023\/10\/image-1.png\" alt=\"\" class=\"wp-image-961\" style=\"aspect-ratio:0.8106995884773662;width:207px;height:auto\" srcset=\"https:\/\/www.mouvementrepublicain.org\/wp-content\/uploads\/2023\/10\/image-1.png 394w, https:\/\/www.mouvementrepublicain.org\/wp-content\/uploads\/2023\/10\/image-1-243x300.png 243w\" sizes=\"auto, (max-width: 394px) 100vw, 394px\" \/><\/figure>\n<\/div>\n\n\n<p><mark style=\"background-color:rgba(0, 0, 0, 0)\" class=\"has-inline-color has-black-color\">Le Mouvement R\u00e9publicain (MR) <\/mark>est un parti politique fond\u00e9 par des jeunes cadres de l\u2019administration publique congolaise, du secteur priv\u00e9, des professions lib\u00e9rales, des milieux enseignants et des hommes d\u2019affaires qui, pour la plupart, n\u2019ont jamais fait la politique.<\/p>\n\n\n\n<p>Ce cercle initial c\u2019est tr\u00e8s vite \u00e9largi \u00e0 des Congolais de toutes les origines et toutes les cat\u00e9gories socioprofessionnelles, faisant du Mouvement R\u00e9publicain (MR) une vitrine du Congo dans les pluralit\u00e9s.<\/p>\n<\/div><\/div>\n\n\n\n<p><\/p>\n\n\n\n<p><mark style=\"background-color:rgba(0, 0, 0, 0)\" class=\"has-inline-color has-black-color\">Le MR est donc le parti de tous les Congolais<\/mark> qui refusent de contempler, \u00e0 l\u2019abandon, notre cher pays et qui ont d\u00e9cid\u00e9 de s\u2019engager en politique&nbsp;; convaincus que, dans l\u2019\u00e2me de la majorit\u00e9 des Congolais, malgr\u00e9 le d\u00e9couragement, en d\u00e9pit de la tentation \u00e9go\u00efste, au-del\u00e0 de la crainte que peuvent inspirer des forces obscures et hostiles, il survit une flamme qui refuse de s\u2019\u00e9teindre&nbsp;: la flamme du patriotisme. Le MR est le parti de tous les Congolais qui, malgr\u00e9 le rejet de la politique, inspire dans notre pays, en raison du d\u00e9bat indigent, des ench\u00e8res dans les invectives, du reniement, de la transhumance et de l\u2019absence de vision, et refuse de laisser le champ libre \u00e0 cette classe politique qui s\u2019y perp\u00e9tue depuis notre ind\u00e9pendance et qui plombe son d\u00e9collage.<\/p>\n\n\n\n<p><\/p>\n\n\n\n<p><mark style=\"background-color:rgba(0, 0, 0, 0)\" class=\"has-inline-color has-black-color\">Le MR revendique une virginit\u00e9 politique<\/mark> qui l\u2019exon\u00e8re de toute responsabilit\u00e9 dans la mauvaise conduite des affaires publiques et un sens du sacrifice pour un changement de paradigmes.<\/p>\n\n\n\n<p><\/p>\n\n\n\n<p><mark style=\"background-color:rgba(0, 0, 0, 0)\" class=\"has-inline-color has-black-color\">Le MR vous demande juste de lui pr\u00eater une oreille attentive<\/mark>, pour juger par vous-m\u00eame les femmes et les hommes qui l\u2019incarnent, pour entendre le diagnostic qu\u2019ils font des maux dont souffre notre pays ainsi que les solutions qu\u2019ils proposent, pour \u00e9valuer et critiquer la qualit\u00e9 de leur action, pour appr\u00e9cier leur sinc\u00e9rit\u00e9 et, \u00e0 l\u2019heure des choix importants pour le devenir du Congo, en tirer toutes les cons\u00e9quences en vous laissant guider par une seule chose&nbsp;: l\u2019int\u00e9r\u00eat sup\u00e9rieur du peuple congolais.<\/p>\n\n\n\n<p><\/p>\n\n\n\n<p><mark style=\"background-color:rgba(0, 0, 0, 0)\" class=\"has-inline-color has-black-color\">Le MR pr\u00f4ne la n\u00e9cessit\u00e9 de trouver de nouvelles voies de d\u00e9veloppement \u00e9conomique et social<\/mark>, car <strong><mark style=\"background-color:rgba(0, 0, 0, 0)\" class=\"has-inline-color has-black-color\">depuis 63 ans<\/mark><\/strong>, quels que soient les gouvernements en place, les politiques publiques empruntent les m\u00eames sch\u00e9mas, avec la m\u00eame forte d\u00e9pendance soumission \u00e0 l\u2019ext\u00e9rieur. Ces sch\u00e9mas ont largement prouv\u00e9 leur inefficacit\u00e9, voire leur caract\u00e8re nuisible, et il faudra du courage politique pour rompre avec et inventer une nouvelle gouvernance \u00e9conomique et sociale.<\/p>\n\n\n\n<p>Pour y arriver, il nous faut op\u00e9rer une rupture syst\u00e9mique, qui diff\u00e8re d\u2019une simple op\u00e9ration de changement de dirigeant par le m\u00e9canisme de l\u2019alternance&nbsp;: ce qu\u2019il faut au Congo c\u2019est plut\u00f4t une v\u00e9ritable alternative.<\/p>\n\n\n\n<p><\/p>\n\n\n\n<p><strong><mark style=\"background-color:rgba(0, 0, 0, 0)\" class=\"has-inline-color has-black-color\">OBJET DU PARTI<\/mark><\/strong><\/p>\n\n\n\n<p>Le MR est fond\u00e9 pour conqu\u00e9rir le pouvoir politique par la voix d\u00e9mocratique, afin de mettre au service du peuple congolais le programme \u00e9conomique et social qui fera du Congo une nation prosp\u00e8re, solidaire et ancr\u00e9 dans les valeurs fortes.<\/p>\n\n\n\n<p><\/p>\n\n\n\n<p><strong><mark style=\"background-color:rgba(0, 0, 0, 0)\" class=\"has-inline-color has-black-color\">CARACT\u00c8RE R\u00c9PUBLICAIN DU PARTI<\/mark><\/strong><br>Le Mouvement R\u00e9publicain, adh\u00e8re sans r\u00e9serve aux principes et valeurs essentiels de la R\u00e9publique du Congo, tels qu\u2019ils sont d\u00e9finis par la Constitution en vigueur, que le peuple congolais s\u2019est librement choisi.<\/p>\n\n\n\n<p>Le parti s\u2019engage \u00e0 respecter et \u00e0 d\u00e9fendre la Constitution, \u00e0 respecter les lois et r\u00e8glements, de m\u00eame qu\u2019\u00e0 \u0153uvrer pour le renforcement de l\u2019unit\u00e9 nationale ainsi que la consolidation de la d\u00e9mocratie congolaise.<\/p>\n\n\n\n<p><\/p>\n\n\n\n<p><strong><mark style=\"background-color:rgba(0, 0, 0, 0)\" class=\"has-inline-color has-black-color\">ID\u00c9OLOGIE<\/mark><\/strong><\/p>\n\n\n\n<p><mark style=\"background-color:rgba(0, 0, 0, 0)\" class=\"has-inline-color has-black-color\">Le MR s\u2019attache \u00e0 promouvoir les valeurs : Lib\u00e9rales, progressistes et d\u00e9mocratiques<\/mark> ; car \u00e9tant membre du R\u00e9seau Lib\u00e9rale Africain (RLA), la promotion de ces valeurs est un devoir. <\/p>\n\n\n\n<p><mark style=\"background-color:rgba(0, 0, 0, 0)\" class=\"has-inline-color has-black-color\">La seule cause qu\u2019entend d\u00e9fendre le Parti est l\u2019int\u00e9r\u00eat du peuple congolais<\/mark>, le quel int\u00e9r\u00eat r\u00e9side dans le compromis entre&nbsp;:<\/p>\n\n\n\n<ul class=\"wp-block-list\">\n<li>La libert\u00e9 des citoyens, aussi bien dans leur vie priv\u00e9e que dans leur activit\u00e9 professionnelle, dans leurs convictions intimes que dans leur expression publique.<\/li>\n\n\n\n<li>Le respect par chacun de l\u2019ordre public garantissant la coh\u00e9sion sociale et l\u2019\u00e9panouissement de tous&nbsp;;<\/li>\n\n\n\n<li>La reconnaissance du r\u00f4le primordial de l\u2019\u00c9tat dans le d\u00e9veloppement \u00e9conomique et social, dans la consolidation de la nation congolaise, dans le maintien de la paix et de la s\u00e9curit\u00e9, ainsi que dans le rayonnement du Congo \u00e0 travers le monde.<\/li>\n<\/ul>\n\n\n\n<p><mark style=\"background-color:rgba(0, 0, 0, 0)\" class=\"has-inline-color has-black-color\">Le MR n\u2019exclut de travailler avec aucune organisation publique ou priv\u00e9e, politique ou de la soci\u00e9t\u00e9 civile<\/mark>, quelle que soit son id\u00e9ologie officielle, sous la triple r\u00e9serve :<\/p>\n\n\n\n<ul class=\"wp-block-list\">\n<li>d\u2019une totale convergence du point de vue des valeurs&nbsp;;<\/li>\n\n\n\n<li>de la conformit\u00e9 aux lois et r\u00e8glement du Congo&nbsp;;<\/li>\n\n\n\n<li>du b\u00e9n\u00e9fice exclusif pour le peuple congolais.<\/li>\n\n\n\n<li><\/li>\n<\/ul>\n\n\n\n<p><strong><mark style=\"background-color:rgba(0, 0, 0, 0)\" class=\"has-inline-color has-black-color\">NOS VALEURS<\/mark><\/strong><\/p>\n\n\n\n<ul class=\"wp-block-list\">\n<li><mark style=\"background-color:rgba(0, 0, 0, 0)\" class=\"has-inline-color has-black-color\">Le Patriotisme&nbsp;:<\/mark><\/li>\n<\/ul>\n\n\n\n<p>Nous avons la conviction que, dans l\u2019\u00e2me la majorit\u00e9 des Congolais, malgr\u00e9 le d\u00e9couragement, en d\u00e9pit de la tentation \u00e9go\u00efste, au-del\u00e0 de la crainte que peuvent inspirer les forces hostiles, il survit une flamme qui refuse de s\u2019\u00e9teindre&nbsp;: c\u2019est la flamme du patriotisme.<\/p>\n\n\n\n<p>De cette flamme, nous voulons faire un feu qui chassera les t\u00e9n\u00e8bres du repli sur soi, du pillage des ressources naturelles et publiques, du client\u00e9lisme, de la gabegie, de l\u2019incomp\u00e9tence, bref de nombreux maux qui gangr\u00e8nent ce pays que nous refusons de contempler \u00e0 l\u2019abandon.<\/p>\n\n\n\n<p>Oui, nous voulons m\u00e9riter le beau nom de \u00ab&nbsp;R\u00e9publicain&nbsp;\u00bb car nous avons une dette envers notre beau pays et nous entendons la payer.<\/p>\n\n\n\n<p><\/p>\n\n\n\n<p><strong><mark style=\"background-color:rgba(0, 0, 0, 0)\" class=\"has-inline-color has-black-color\">LE TRAVAIL<\/mark><\/strong><\/p>\n\n\n\n<p>Ayons la lucidit\u00e9 de reconnaitre que la valeur travail n\u2019est pas suffisamment enracin\u00e9e dans nos noblesses de vie, \u00e0 des rares exceptions pr\u00e8s.<\/p>\n\n\n\n<p>Pour trop de Congolais, particuli\u00e8rement au sein de la frange cens\u00e9e repr\u00e9senter l\u2019\u00e9lite, le travail est une souffrance \u00e0 laquelle on cherche \u00e0 \u00e9chapper en louvoyant, en trichant, en faisant semblant (car en m\u00eame temps, on aime l\u2019argent que le travail). Mais lorsque le travail est \u00e9rig\u00e9 au rang de valeur, lorsque cette valeur est incarn\u00e9e par des dirigeants de qualit\u00e9, le travail se r\u00e9v\u00e8le source d\u2019\u00e9panouissement, au-del\u00e0 de la r\u00e9mun\u00e9ration.<\/p>\n\n\n\n<p><\/p>\n\n\n\n<p><strong><mark style=\"background-color:rgba(0, 0, 0, 0)\" class=\"has-inline-color has-black-color\">L\u2019\u00c9THIQUE<\/mark><\/strong><\/p>\n\n\n\n<p>Ayons le courage de reconnaitre que l\u2019int\u00e9grit\u00e9 constitue chez nous davantage une posture qu\u2019une conviction<\/p>\n\n\n\n<p>Nous aimons parler des valeurs, de ce qui doit \u00eatre, de la morale et de la religion, mais cela se limite \u00e0 la rh\u00e9torique\u2026 Or, sans ces interdits que chacun doit se fixer pour \u00e9viter de nuire aux autres, jamais les comportements du plus grand nombre ne secr\u00e8teront le bonheur collectif.<\/p>\n\n\n\n<p>Les bases \u00e9thiques du comportement individuel, chacun peut les puiser dans la religion s\u2019il en pratique, dans la tradition s\u2019il y est attach\u00e9, ou, en l\u2019absence m\u00eame de r\u00e9f\u00e9rentiel axiologique, dans la simple conscience que certains actes nuisent \u00e0 l\u2019int\u00e9r\u00eat collectif et donc, dans le long terme, \u00e0 soi-m\u00eame.<\/p>\n\n\n\n<p><\/p>\n\n\n\n<p><strong><mark style=\"background-color:rgba(0, 0, 0, 0)\" class=\"has-inline-color has-black-color\">LA FRATERNIT\u00c9<\/mark><\/strong><\/p>\n\n\n\n<p>C\u2019est prendre conscience des autres, toujours tent\u00e9 de concilier son int\u00e9r\u00eat propre avec l\u2019int\u00e9r\u00eat des autres, il y a un sentiment qui permet d\u2019y parvenir et que chacun doit s\u2019efforcer de cultiver.<br><\/p>\n\n\n\n<figure class=\"wp-block-embed is-type-video is-provider-youtube wp-block-embed-youtube wp-embed-aspect-16-9 wp-has-aspect-ratio\"><div class=\"wp-block-embed__wrapper\">\n<iframe loading=\"lazy\" title=\"Signature d&#039;accord de Gouvernement entre l&#039;UDH YUKI et le Mouvement R\u00e9publicain.\" width=\"640\" height=\"360\" src=\"https:\/\/www.youtube.com\/embed\/ffBaIDk46TE?feature=oembed\" frameborder=\"0\" allow=\"accelerometer; autoplay; clipboard-write; encrypted-media; gyroscope; picture-in-picture; web-share\" referrerpolicy=\"strict-origin-when-cross-origin\" allowfullscreen><\/iframe>\n<\/div><\/figure>\n\n\n\n<p><a href=\"https:\/\/www.facebook.com\/permalink.php?story_fbid=pfbid02MZufSStjCZgsoxkVZu5rzPsQ6qa1dp7W91JQMA6bCvZqJLQNJK59GbrnKCJemTpQl&amp;id=786955228364315\" data-type=\"link\" data-id=\"https:\/\/www.facebook.com\/permalink.php?story_fbid=pfbid02MZufSStjCZgsoxkVZu5rzPsQ6qa1dp7W91JQMA6bCvZqJLQNJK59GbrnKCJemTpQl&amp;id=786955228364315\" target=\"_blank\" rel=\"noreferrer noopener\"><strong><em>Signature d&#8217;accord de Gouvernement entre l&#8217;UDH YUKI et le Mouvement R\u00e9publicain.<\/em><\/strong><\/a><\/p>\n\n\n\n<p><\/p>\n\n\n\n<div class=\"wp-block-buttons is-layout-flex wp-block-buttons-is-layout-flex\">\n<div class=\"wp-block-button\"><a class=\"wp-block-button__link wp-element-button\" href=\"https:\/\/www.mouvementrepublicain.org\/index.php\/page\/\"><strong>Retour Sur Les Pages du MR<\/strong><\/a><\/div>\n<\/div>\n\n\n\n<p><br><\/p>\n","protected":false},"excerpt":{"rendered":"<p>LA VISION DU MOUVEMENT R\u00c9PUBLICAIN (MR) : Le Mouvement R\u00e9publicain (MR) est un parti politique fond\u00e9 par des jeunes cadres de l\u2019administration publique congolaise, du secteur priv\u00e9, des professions lib\u00e9rales, des milieux enseignants et des hommes d\u2019affaires qui, pour la plupart, n\u2019ont jamais fait la politique. Ce cercle initial c\u2019est tr\u00e8s vite \u00e9largi \u00e0 des &hellip; <\/p>\n<p class=\"link-more\"><a href=\"https:\/\/www.mouvementrepublicain.org\/index.php\/la-vision-du-mouvement-republicain-mr\/\" class=\"more-link\">Continue reading<span class=\"screen-reader-text\"> &#8220;LA VISION DU MOUVEMENT R\u00c9PUBLICAIN (MR)&#8221;<\/span><\/a><\/p>\n","protected":false},"author":1,"featured_media":0,"parent":0,"menu_order":0,"comment_status":"closed","ping_status":"closed","template":"","meta":{"_regular_price":[],"currency_symbol":[],"footnotes":""},"class_list":["post-947","page","type-page","status-publish","hentry"],"post_slider_layout_featured_media_urls":{"thumbnail":"","post_slider_layout_landscape_large":"","post_slider_layout_portrait_large":"","post_slider_layout_square_large":"","post_slider_layout_landscape":"","post_slider_layout_portrait":"","post_slider_layout_square":"","full":""},"_links":{"self":[{"href":"https:\/\/www.mouvementrepublicain.org\/index.php\/wp-json\/wp\/v2\/pages\/947","targetHints":{"allow":["GET"]}}],"collection":[{"href":"https:\/\/www.mouvementrepublicain.org\/index.php\/wp-json\/wp\/v2\/pages"}],"about":[{"href":"https:\/\/www.mouvementrepublicain.org\/index.php\/wp-json\/wp\/v2\/types\/page"}],"author":[{"embeddable":true,"href":"https:\/\/www.mouvementrepublicain.org\/index.php\/wp-json\/wp\/v2\/users\/1"}],"replies":[{"embeddable":true,"href":"https:\/\/www.mouvementrepublicain.org\/index.php\/wp-json\/wp\/v2\/comments?post=947"}],"version-history":[{"count":15,"href":"https:\/\/www.mouvementrepublicain.org\/index.php\/wp-json\/wp\/v2\/pages\/947\/revisions"}],"predecessor-version":[{"id":1360,"href":"https:\/\/www.mouvementrepublicain.org\/index.php\/wp-json\/wp\/v2\/pages\/947\/revisions\/1360"}],"wp:attachment":[{"href":"https:\/\/www.mouvementrepublicain.org\/index.php\/wp-json\/wp\/v2\/media?parent=947"}],"curies":[{"name":"wp","href":"https:\/\/api.w.org\/{rel}","templated":true}]}}